x. Is a a prime number?
False
Let g(l) = -l**2 - 6*l - 3. Let q be g(-4). Suppose -3*o = 4*k, 2*o - q*k - 35 = -3*o. Suppose 5*h - 2*d - 453 = 0, o*h = h - 2*d + 275. Is h prime?
False
Let t(k) = -k**2 - 16*k - 32. Let c be t(-13). Suppose d = c*d - 1338. Is d a prime number?
True
Let r = 1764 - -1729. Is r a composite number?
True
Suppose -62004 = -o - 18811. Is o prime?
False
Let j(r) = 5*r**3 + 8*r**2 - 4*r + 39. Is j(6) composite?
True
Let b(x) = -13*x**3 - 5*x**2 + 5*x + 6. Let p(u) = 14*u**3 + 5*u**2 - 6*u - 7. Let j be (-1 - 0)/((-4)/(-12)). Let t(n) = j*b(n) - 2*p(n). Is t(3) prime?
False
Suppose 11*g = 5*g + 12. Let w be (g + -2)/1 + -9. Is -1*89*(w + 8) prime?
True
Let w(x) = -3*x**3 + 7*x**2 - 3*x - 2. Let v be w(7). Let q = v + 1029. Suppose 0 = 4*m + 4*y - q, m + 3*y - 70 = -0*m. Is m a prime number?
False
Suppose 0 = 4*g + 18 + 6. Let x = 14 + g. Is 988/3 + x/(-24) prime?
False
Suppose 7*m - 8*m + 5*n + 6184 = 0, 0 = 3*m - 5*n - 18542. Is m prime?
False
Let m(z) = 8*z**2 + 33*z + 8. Is m(-11) prime?
True
Let q(v) = -6*v**2 - 4*v + 2. Let c(p) = 13*p**2 + 9*p - 4. Let w(s) = 4*c(s) + 9*q(s). Let o be w(2). Is ((-717)/o)/((-2)/(-4)) composite?
False
Let m(c) = c**3 - 23*c**2 - 24*c - 18. Let r be m(25). Suppose 2*o + r = -n + 3*n, -5*o = -5. Is n a prime number?
True
Is ((-16)/(-64))/((-1)/29)*-1324 a composite number?
True
Let q be (-1)/(3/(-7 + 1)). Suppose 4*v - 460 = -f, -2*f - q*f + v + 1840 = 0. Suppose 3*o = -o + f. Is o a composite number?
True
Let d(q) = -10*q + 14. Let i(m) = -m. Suppose 0 = -5*h + 8*h - 9. Let u(t) = h*i(t) - d(t). Is u(7) composite?
True
Let k = -7 - -45. Is k/1 - (-12)/(-12) a prime number?
True
Suppose 4*b - 3*k - 19370 = 12554, -2*k = b - 7981. Is b prime?
False
Suppose f - o - 1585 = -4*f, 4*o - 951 = -3*f. Is f prime?
True
Let p = 10936 + -5859. Is p a composite number?
False
Let u be (-4 + 0)/((-7)/(-77)). Suppose 5*x = -2*i - 1297, 3*i = 5*x + 458 + 834. Let c = u - x. Is c a composite number?
True
Suppose -247*d = -240*d - 122654. Is d a composite number?
True
Let y = -556 + 1335. Suppose 4*q - y = -183. Is q composite?
False
Let b(j) = j + 8. Suppose -s = -4*w + 2*s - 12, -18 = w + 3*s. Let t be b(w). Suppose -t*c + 1052 = -v + 5*v, 5*v = c + 1315. Is v composite?
False
Let l(m) = -9788*m - 23. Is l(-2) a composite number?
False
Let b be (-6)/(-16) - 573/(-8). Let c = b + 427. Is c a prime number?
True
Suppose -4*y = 3*o + 839, -2*o + 5*y - 1160 = 2*o. Let i = 1242 + -763. Let j = o + i. Is j a prime number?
False
Let s(w) = -w**3 - 10*w**2 - 3*w + 195. Is s(-33) a prime number?
False
Suppose -2*d = -2 - 10. Suppose 3*i + 4 = 2*l - d, 5*l - 3 = 2*i. Is i/6*(-34 - -1) composite?
True
Let s(g) = -g**2 - 5*g + 11. Suppose -26 = 5*a - 1, -27 = 2*i + 3*a. Let h be s(i). Suppose n - 2*n = -w + 153, -133 = -w + h*n. Is w composite?
True
Let s(w) = 113*w + 19529. Is s(0) composite?
True
Suppose -8*o + 11*o = -3. Is (7/(105/(-237)))/(o/5) a prime number?
True
Let f(m) = 83*m**2 - 4*m. Let b be f(2). Suppose 4*c - 4*a - b = 0, -4*c + 0*c + 312 = -a. Is c a composite number?
True
Let i(k) be the third derivative of k**6/120 - k**5/12 - k**4/6 + 7*k**3/6 - 7*k**2. Is i(7) a composite number?
True
Suppose -23 = -4*w - 31. Is 268 - 1/(w/(-6)) a prime number?
False
Let n(x) = 36*x - 6. Suppose 4*r = 16 + 16. Let s be n(r). Is (s/(-8))/((-3)/12) composite?
True
Let d(k) = -39*k + 29. Let n be 48/(-168) + 164/(-14). Is d(n) a prime number?
False
Let q be (74/(-4) - 0)*-2. Suppose q = -3*c - 11. Is (255 + -1)*(-8)/c composite?
False
Suppose -224 = -4*b + 4*i, -5*b = -i - 3*i - 275. Is b a prime number?
False
Let t(k) be the first derivative of k**4/4 + 5*k**3/3 - 4*k**2 + 4*k - 8. Let n be t(-6). Suppose -3*z - n = -769. Is z a composite number?
False
Suppose 0 = a - 2*u + 3, 4*a + 0 = 3*u + 8. Is 38042/a + (-66)/(-110) prime?
False
Let n(f) = -22*f + 23. Is n(-24) composite?
True
Suppose -2*q + 342 = -0*q. Suppose 483 = 3*g - q. Let i = g - 105. Is i a prime number?
True
Suppose 2*a - 3*o = -3*a - 18, 5*a - 4*o + 14 = 0. Let m(j) = -24*j + 5. Is m(a) composite?
False
Suppose 6 = 3*f, 0 = -r + f + 1896 + 731. Is r a composite number?
True
Suppose 859 = 4*v - 233. Suppose -2*s = -5*s + v. Is s composite?
True
Let q(i) = -i**3 - 20*i**2 - 4*i + 7. Let w be q(-15). Let s = 1911 + w. Is s a prime number?
True
Let a = 14 - 12. Let l(i) = -i**2 + 8*i + 11. Let f be l(9). Is 13 + (a + f)/(-2) a prime number?
True
Let v = 13959 + -1690. Is v composite?
False
Let k(x) = 12*x**3 - x**2 + x. Let u be k(1). Let n = -12 + u. Suppose n = -3*p + 6*p - 879. Is p composite?
False
Suppose -8*i - 7012 = -12*i + 5*v, 8765 = 5*i + 3*v. Is i a composite number?
False
Let q(j) = 14*j**3 - 2*j**2 - 1. Suppose 0 = -4*k - 3*g + 17, -2*k - 4*g + 21 = 3*k. Suppose 3*b = 3*d + 18, 0 = -3*b + k*b + d. Is q(b) a composite number?
False
Let n(g) = g**2 - 6*g - 3. Let x be n(7). Suppose 5*u - 7191 = 2*u + 2*q, 0 = x*u + 2*q - 9574. Is u prime?
False
Let d(y) = y**2 + 14*y + 18. Let r be d(-14). Let g = 36 - r. Let q = -16 + g. Is q a composite number?
False
Suppose -9*f = -11*f - 5*c + 39315, 4*f + 4*c - 78600 = 0. Is f prime?
False
Suppose 4105 = 73*l - 68*l. Is l composite?
False
Let n(w) = -25*w**3 + w**2 - w. Let u be n(-1). Let d be 119 - (u/3)/3. Is 1*(d - (-3 + 1)) prime?
False
Suppose 2*i = 2, r - 2*i + 0 - 1 = 0. Suppose r*m - 4*m = -327. Suppose -4*j + 2*g = -1006 - 272, 0 = -j + 2*g + m. Is j a composite number?
False
Let g(z) = -3*z - 74 + 150 - 75. Is g(-22) composite?
False
Let b = -660 + 2987. Suppose -3*x + 16*x = b. Is x composite?
False
Let x = 600 - 401. Is x a composite number?
False
Let o be ((-4)/(-5))/(14/25655). Suppose 0 = 2*k - o - 1164. Is k composite?
True
Let m = 10754 + 3185. Is m composite?
True
Suppose -y + 3*c = -949, -4*c + 2875 = 3*y + c. Let w = y + -164. Is w composite?
True
Let b = 141 - 138. Suppose 0*k + r = 2*k - 3731, 3*r - 5592 = -b*k. Is k a composite number?
True
Let h = 114 - 252. Is 6/10 + h/90*-1002 a composite number?
True
Suppose 26468 = 7*l - 2*l - q, -l + 4*q = -5305. Is l prime?
False
Suppose 0 = 5*t - 25. Let d(q) = -6*q + t*q - q - 27*q. Is d(-5) composite?
True
Let u(k) = k - 19*k + 6 - 19. Is u(-15) prime?
True
Let q(x) = 10*x**2 + 7*x + 19. Let y(r) = 5*r**2 + 4*r + 10. Let l(v) = -3*q(v) + 5*y(v). Let m(j) be the first derivative of l(j). Is m(-6) prime?
True
Let m = 6763 - 4308. Is m prime?
False
Is 3 - (8/((-32)/12) - 365) a prime number?
False
Let r(n) = n**2 - 8*n - 1. Let c be r(9). Let p(z) = 122*z - 23. Is p(c) prime?
True
Suppose 161*g - 164*g = -42681. Is g a composite number?
True
Suppose 6*w - 2*s = 3*w, -s + 13 = 5*w. Suppose w*o = 449 + 373. Is o a composite number?
True
Let a(g) = 11*g**2 + 79*g + 33. Is a(-19) composite?
False
Suppose 0 = -5*k + k - 884. Let u = k + 432. Is u a composite number?
False
Let h(m) = m**3 + 2. Let k = -9 + 7. Let n(d) = -d**3 - 2*d**2 - 3*d - 1. Let r be n(k). Is h(r) composite?
False
Let z be 7 - 12/(-1 + 5). Suppose 0 = -z*i - 142 + 618. Is i a composite number?
True
Suppose 4*y + 2*g = 12, -2*y + 6*g = g - 30. Let j(u) = 7*u - 4. Let a be j(y). Suppose -34 = -z + a. Is z a prime number?
False
Let v = 32 - 29. Is v/2*(-1060)/(-6) - 2 prime?
True
Let s(v) = -1475*v - 40. Is s(-3) prime?
False
Let c = -4867 + 8244. Is c a prime number?
False
Is 3562 - ((-9)/7 + 58/203) prime?
False
Let i be 5 - 1/(1*2/(-6)). Suppose i*u + 6*u - 26614 = 0. Is u composite?
False
Suppose -4*a - 4*t = -699048, 3*a - 524316 = -3*t + 6*t. Is a prime?
True
Suppose 0 = 4*b + b - 2915. Let m = b - 260. Is m a composite number?
True
Suppose 3*x - 128461 - 58646 = 0. Is x prime?
False
Let y = -24 + 51. Let k be ((-870)/(-4))/(1/22). Is k/y + (-8)/36 a prime number?
False
Suppose -51005 = 9*q - 142904. Is q composite?
False
Suppose z + 2830 = 2*h - z, -2*z = 5*h - 7068. Suppose -f - 2*v = 2*f + 1390, -3*f = -4*v + h. Let i = -249 - f. Is i composite?
True
Let p(q) = 4*q**3 - 4*q**2 - 16*q + 9. Let u be (-4)/(-10) - 418/(-55). Is p(u) a prime number?
False
Is -5 + 7 + 7 + 8482 composite?
True
Let g(j) = -j**3 - 9*j**2 + 9*j - 6. Let f be g(-10). Suppose f*x - z - 11663 = 4*z, 2*z + 14583 = 5*x. Is x a prime number?
True
Let b(h) = 2059*h**2 + 6*h - 17. Is b(4) a prime